{"id":139,"date":"2020-02-07T11:14:14","date_gmt":"2020-02-07T11:14:14","guid":{"rendered":"http:\/\/hermannrauhestiftung.de\/?page_id=139"},"modified":"2020-03-19T12:28:25","modified_gmt":"2020-03-19T12:28:25","slug":"leitbild-leistung","status":"publish","type":"page","link":"https:\/\/hermannrauhestiftung.de\/?page_id=139","title":{"rendered":"Leitbild &#038; Leistung"},"content":{"rendered":"\n<p>Als gemeinn\u00fctzige Stiftung b\u00fcrgerlichen Rechts sieht sich die Hermann Rauhe Stiftung als Schnittstelle zwischen \u00c4sthetik und&nbsp;Management ,&nbsp;sowie zwischen Kreativit\u00e4t und Vermittlung. Sie hat sich zum Ziel gesetzt, durch innovative Strategien des Kulturmanagements Kultur- und Medienschaffende einerseits und Kultur- und Medieneinrichtungen andererseits nachhaltig auf die Zukunft auszurichten. Daf\u00fcr setzt sie operativ eigene Vorhaben um- in den letzten Jahren vor allem das Projekt die \u201eFreikarte\u201c zur Kulturvermittlung an junge Leute.<\/p>\n","protected":false},"excerpt":{"rendered":"<p>Als gemeinn\u00fctzige Stiftung b\u00fcrgerlichen Rechts sieht sich die Hermann Rauhe Stiftung als Schnittstelle zwischen \u00c4sthetik und&nbsp;Management ,&nbsp;sowie zwischen Kreativit\u00e4t und Vermittlung. Sie hat sich zum Ziel gesetzt, durch innovative Strategien des Kulturmanagements Kultur- und Medienschaffende einerseits und Kultur- und Medieneinrichtungen andererseits nachhaltig auf die Zukunft auszurichten. Daf\u00fcr setzt sie operativ eigene Vorhaben um- in den &hellip;<\/p>\n<p class=\"read-more\"> <a class=\"\" href=\"https:\/\/hermannrauhestiftung.de\/?page_id=139\"> <span class=\"screen-reader-text\">Leitbild &#038; Leistung<\/span> Weiterlesen &raquo;<\/a><\/p>\n","protected":false},"author":1,"featured_media":0,"parent":0,"menu_order":0,"comment_status":"closed","ping_status":"closed","template":"","meta":{"footnotes":""},"class_list":["post-139","page","type-page","status-publish","hentry"],"_links":{"self":[{"href":"https:\/\/hermannrauhestiftung.de\/index.php?rest_route=\/wp\/v2\/pages\/139"}],"collection":[{"href":"https:\/\/hermannrauhestiftung.de\/index.php?rest_route=\/wp\/v2\/pages"}],"about":[{"href":"https:\/\/hermannrauhestiftung.de\/index.php?rest_route=\/wp\/v2\/types\/page"}],"author":[{"embeddable":true,"href":"https:\/\/hermannrauhestiftung.de\/index.php?rest_route=\/wp\/v2\/users\/1"}],"replies":[{"embeddable":true,"href":"https:\/\/hermannrauhestiftung.de\/index.php?rest_route=%2Fwp%2Fv2%2Fcomments&post=139"}],"version-history":[{"count":3,"href":"https:\/\/hermannrauhestiftung.de\/index.php?rest_route=\/wp\/v2\/pages\/139\/revisions"}],"predecessor-version":[{"id":376,"href":"https:\/\/hermannrauhestiftung.de\/index.php?rest_route=\/wp\/v2\/pages\/139\/revisions\/376"}],"wp:attachment":[{"href":"https:\/\/hermannrauhestiftung.de\/index.php?rest_route=%2Fwp%2Fv2%2Fmedia&parent=139"}],"curies":[{"name":"wp","href":"https:\/\/api.w.org\/{rel}","templated":true}]}}